{"id":3097,"date":"2015-08-07T10:11:21","date_gmt":"2015-08-07T10:11:21","guid":{"rendered":"http:\/\/www.musical-ensemble-erft.de\/wordpress\/?page_id=3097"},"modified":"2024-06-21T13:29:26","modified_gmt":"2024-06-21T11:29:26","slug":"kolpings-traum","status":"publish","type":"page","link":"https:\/\/www.musical-ensemble-erft.de\/wordpress\/projekte\/kolpings-traum\/","title":{"rendered":"Kolpings Traum (2015)"},"content":{"rendered":"<p><strong>Das Musical Ensemble Erft mit seinem zweiten Ausflug ins Profi-Gesch\u00e4ft: Die Produktionsfirma &#8218;Spotlight Musicals&#8216; hat uns als Chor-Ensemble f\u00fcr die Auff\u00fchrung von &#8218;Kolpings Traum&#8216; in der LANXESS Arena K\u00f6ln engagiert.<\/strong> <\/p>\n<p>Gemeinsam mit dem &#8218;Sound of Music&#8216; Chor aus Essen, einem Tanzensemble und einem 35-k\u00f6pfigen Orchester begleiten wir die Solistenriege, allesamt Stars der deutschen Musicalszene &#8211; f\u00fcr uns als Verein aus der Geburtsstadt Adolph Kolpings nat\u00fcrlich ein ganz besonderes Erlebnis. Anlass f\u00fcr die einmalige Wiederauff\u00fchrung des Erfolgswerkes \u00fcber das Leben des Gesellenvaters ist der Kolpingtag 2015, der zum 150. Todestag Kolpings diesmal in K\u00f6ln stattfindet. Schon 2013 und 2014 sahen mehr als 35.000 begeisterte Zuschauer in Fulda und Kolpings alter Wirkungsst\u00e4tte Wuppertal das Musical aus der Feder des Erfolgskomponisten Dennis Martin, nun werden weit \u00fcber 10.000 Zuschauer in der LANXESS Arena erwartet &#8211; ein einmaliges Event auch f\u00fcr die elf S\u00e4ngerinnen und S\u00e4nger unseres Ensembles, die als Chor dabei sein werden. <\/p>\n<p><a href=\"https:\/\/www.musical-ensemble-erft.de\/wordpress\/projekte\/kolpings-traum\/ensemble-crew\/\">Ensemble &#038; Crew<\/a><br \/>\n<a href=\"https:\/\/www.musical-ensemble-erft.de\/wordpress\/category\/kolpings-traum\/\">Alle Blog-Eintr\u00e4ge zum Thema &#8218;Kolpings Traum&#8216;<\/a><\/p>\n<div id=\"attachment_3101\" style=\"width: 1010px\" class=\"wp-caption aligncenter\"><a href=\"https:\/\/www.musical-ensemble-erft.de\/wordpress\/wp-content\/uploads\/2015\/08\/MEE_Kolpings-Traum_SM.jpg\" data-rel=\"lightbox-image-0\" data-rl_title=\"Freuen sich auf einen au\u00dfergew\u00f6hnlichen Auftritt f\u00fcr das Musical Ensemble Erft: der musikalische Leiter Philipp Schwerhoff (Mitte) und die Vorstandsmitglieder Tim Stranowsky und Barbara Franck.\" data-rl_caption=\"\" title=\"Freuen sich auf einen au\u00dfergew\u00f6hnlichen Auftritt f\u00fcr das Musical Ensemble Erft: der musikalische Leiter Philipp Schwerhoff (Mitte) und die Vorstandsmitglieder Tim Stranowsky und Barbara Franck.\"><img loading=\"lazy\" decoding=\"async\" aria-describedby=\"caption-attachment-3101\" src=\"https:\/\/www.musical-ensemble-erft.de\/wordpress\/wp-content\/uploads\/2015\/08\/MEE_Kolpings-Traum_SM.jpg\" alt=\"Freuen sich auf einen au\u00dfergew\u00f6hnlichen Auftritt f\u00fcr das Musical Ensemble Erft: der musikalische Leiter Philipp Schwerhoff (Mitte) und die Vorstandsmitglieder Tim Stranowsky und Barbara Franck.\" width=\"1000\" height=\"595\" class=\"size-full wp-image-3101\" srcset=\"https:\/\/www.musical-ensemble-erft.de\/wordpress\/wp-content\/uploads\/2015\/08\/MEE_Kolpings-Traum_SM.jpg 1000w, https:\/\/www.musical-ensemble-erft.de\/wordpress\/wp-content\/uploads\/2015\/08\/MEE_Kolpings-Traum_SM-300x179.jpg 300w, https:\/\/www.musical-ensemble-erft.de\/wordpress\/wp-content\/uploads\/2015\/08\/MEE_Kolpings-Traum_SM-900x536.jpg 900w\" sizes=\"auto, (max-width: 1000px) 100vw, 1000px\" \/><\/a><p id=\"caption-attachment-3101\" class=\"wp-caption-text\">Freuen sich auf einen au\u00dfergew\u00f6hnlichen Auftritt f\u00fcr das Musical Ensemble Erft: der musikalische Leiter Philipp Schwerhoff (Mitte) und die Vorstandsmitglieder Tim Stranowsky und Barbara Franck.<\/p><\/div>\n","protected":false},"excerpt":{"rendered":"<p>Das Musical Ensemble Erft mit seinem zweiten Ausflug ins Profi-Gesch\u00e4ft: Die Produktionsfirma &#8218;Spotlight Musicals&#8216; hat uns als Chor-Ensemble f\u00fcr die Auff\u00fchrung von &#8218;Kolpings Traum&#8216; in der LANXESS Arena K\u00f6ln engagiert. Gemeinsam mit dem &#8218;Sound of Music&#8216; Chor aus Essen, einem Tanzensemble und einem 35-k\u00f6pfigen Orchester begleiten wir die Solistenriege, allesamt Stars der deutschen Musicalszene &#8211; [&hellip;]<\/p>\n","protected":false},"author":1,"featured_media":3101,"parent":1259,"menu_order":2,"comment_status":"closed","ping_status":"closed","template":"","meta":{"footnotes":""},"class_list":["post-3097","page","type-page","status-publish","has-post-thumbnail","hentry","post-preview"],"_links":{"self":[{"href":"https:\/\/www.musical-ensemble-erft.de\/wordpress\/wp-json\/wp\/v2\/pages\/3097","targetHints":{"allow":["GET"]}}],"collection":[{"href":"https:\/\/www.musical-ensemble-erft.de\/wordpress\/wp-json\/wp\/v2\/pages"}],"about":[{"href":"https:\/\/www.musical-ensemble-erft.de\/wordpress\/wp-json\/wp\/v2\/types\/page"}],"author":[{"embeddable":true,"href":"https:\/\/www.musical-ensemble-erft.de\/wordpress\/wp-json\/wp\/v2\/users\/1"}],"replies":[{"embeddable":true,"href":"https:\/\/www.musical-ensemble-erft.de\/wordpress\/wp-json\/wp\/v2\/comments?post=3097"}],"version-history":[{"count":10,"href":"https:\/\/www.musical-ensemble-erft.de\/wordpress\/wp-json\/wp\/v2\/pages\/3097\/revisions"}],"predecessor-version":[{"id":5586,"href":"https:\/\/www.musical-ensemble-erft.de\/wordpress\/wp-json\/wp\/v2\/pages\/3097\/revisions\/5586"}],"up":[{"embeddable":true,"href":"https:\/\/www.musical-ensemble-erft.de\/wordpress\/wp-json\/wp\/v2\/pages\/1259"}],"wp:featuredmedia":[{"embeddable":true,"href":"https:\/\/www.musical-ensemble-erft.de\/wordpress\/wp-json\/wp\/v2\/media\/3101"}],"wp:attachment":[{"href":"https:\/\/www.musical-ensemble-erft.de\/wordpress\/wp-json\/wp\/v2\/media?parent=3097"}],"curies":[{"name":"wp","href":"https:\/\/api.w.org\/{rel}","templated":true}]}}