{"id":3359,"date":"2015-12-14T11:22:13","date_gmt":"2015-12-14T11:22:13","guid":{"rendered":"http:\/\/www.musical-ensemble-erft.de\/wordpress\/?page_id=3359"},"modified":"2016-01-18T20:27:23","modified_gmt":"2016-01-18T20:27:23","slug":"neujahrskonzert-2016","status":"publish","type":"page","link":"https:\/\/www.musical-ensemble-erft.de\/wordpress\/projekte\/auftritte\/neujahrskonzert-2016\/","title":{"rendered":"Neujahrskonzert 2016"},"content":{"rendered":"<p><strong>Am Sonntag, 17. Januar 2016 traten wir mit Hits und Klassikern auf dem Neujahrskonzert 2016 der Gemeinde J\u00fcchen auf.<\/strong><\/p>\n<p><strong><br \/>\nDas Programm<\/strong><\/p>\n<p>1) One Short Day [Wicked] (Ensemble)<br \/>\n2) Lasse dein Ma\u00df die Liebe sein [RENT] (Sarah, Tim &amp; Ensemble)<br \/>\n3) Wahres Gl\u00fcck (ROCKY) (Michaela &amp; Tim)<br \/>\n4) Can you feel the love tonight? [The Lion King] (Nadine, Sascha &amp; Ensemble)<br \/>\n5) Dies ist die Stunde [Jekyll &amp; Hyde] (Tim, Marco, Sascha, Miguel, Jonas, Markus)<br \/>\n6) Das ist meine Stadt [Kolpings Traum] (Miguel, Tim &amp; Ensemble)<br \/>\n7) I know him so well [Chess] (Barbara &amp; Katrin)<br \/>\n8) Sind die Sterne gegen uns? [AIDA] (Sarah &amp; Marco)<br \/>\n9) Those you&#8217;ve known [Spring Awakening] (Marco, Michaela &amp; Jonas)<br \/>\n10) Wenn ich tanzen will [Elisabeth] (Katrin &amp; Markus)<br \/>\n11) You&#8217;ll be in my heart [Tarzan] (Ensemble)<br \/>\n12) Heute nicht [The Addams Family] (Sascha)<br \/>\n13) Sweet Transvestite [The Rocky Horror Show] (Jonas &amp; Ensemble)<br \/>\n14) The Time Warp [The Rocky Horror Show] (Yavanna, Nadine, Barbara, Miguel &amp; Ensemble)<br \/>\n15) Starlight Sequence [Starlight Express] (Sascha, Jonas &amp; Ensemble)<\/p>\n<p><strong>Auf der B\u00fchne<\/strong>: Michaela Berg, Lydia Bremer, Markus B\u00fcrgel, Katrin Janke, Sascha Kollarz, Marco Maciejewski, Barbara Mocha, Saskia Rappenh\u00f6ner, Miguel Schlang, Nadine Schulz, Tim Stranowsky, Jonas Wender, Sarah Wichmann, Yavanna P\u00fctz<\/p>\n<p><strong>Klavier &amp; musikalische Leitung: <\/strong>Philipp Schwerhoff<br \/>\n<strong>Moderation: <\/strong>Sascha Kollarz, Miguel Schlang<br \/>\n<strong>Projektleitung:<\/strong> Barbara Franck<br \/>\n<strong>Veranstalter: <\/strong>Gemeinde J\u00fcchen<\/p>\n<p><a href=\"https:\/\/www.musical-ensemble-erft.de\/wordpress\/category\/neujahrskonzert\/\">Alle Blog-Eintr\u00e4ge zum Thema \u201aNeujahrskonzert 2016\u2018<\/a><\/p>\n<div id=\"attachment_3361\" style=\"width: 653px\" class=\"wp-caption aligncenter\"><a href=\"https:\/\/www.musical-ensemble-erft.de\/wordpress\/wp-content\/uploads\/2015\/12\/Plakat_Neujahrskonzert_2015.jpg\" data-rel=\"lightbox-image-0\" data-rl_title=\"Plakat zum Neujahrskonzert 2016, (c)Gemeinde J\u00fcchen\" data-rl_caption=\"\" title=\"Plakat zum Neujahrskonzert 2016, (c)Gemeinde J\u00fcchen\"><img loading=\"lazy\" decoding=\"async\" aria-describedby=\"caption-attachment-3361\" class=\"wp-image-3361 size-full\" src=\"https:\/\/www.musical-ensemble-erft.de\/wordpress\/wp-content\/uploads\/2015\/12\/Plakat_Neujahrskonzert_2015.jpg\" alt=\"Plakat zum Neujahrskonzert 2016, (c)Gemeinde J\u00fcchen\" width=\"643\" height=\"906\" srcset=\"https:\/\/www.musical-ensemble-erft.de\/wordpress\/wp-content\/uploads\/2015\/12\/Plakat_Neujahrskonzert_2015.jpg 643w, https:\/\/www.musical-ensemble-erft.de\/wordpress\/wp-content\/uploads\/2015\/12\/Plakat_Neujahrskonzert_2015-213x300.jpg 213w\" sizes=\"auto, (max-width: 643px) 100vw, 643px\" \/><\/a><p id=\"caption-attachment-3361\" class=\"wp-caption-text\">Plakat zum Neujahrskonzert 2016, (c)Gemeinde J\u00fcchen<\/p><\/div>\n","protected":false},"excerpt":{"rendered":"<p>Am Sonntag, 17. Januar 2016 traten wir mit Hits und Klassikern auf dem Neujahrskonzert 2016 der Gemeinde J\u00fcchen auf. Das Programm 1) One Short Day [Wicked] (Ensemble) 2) Lasse dein Ma\u00df die Liebe sein [RENT] (Sarah, Tim &amp; Ensemble) 3) Wahres Gl\u00fcck (ROCKY) (Michaela &amp; Tim) 4) Can you feel the love tonight? [The Lion [&hellip;]<\/p>\n","protected":false},"author":1,"featured_media":0,"parent":2734,"menu_order":3,"comment_status":"closed","ping_status":"closed","template":"","meta":{"footnotes":""},"class_list":["post-3359","page","type-page","status-publish","hentry","post-preview"],"_links":{"self":[{"href":"https:\/\/www.musical-ensemble-erft.de\/wordpress\/wp-json\/wp\/v2\/pages\/3359","targetHints":{"allow":["GET"]}}],"collection":[{"href":"https:\/\/www.musical-ensemble-erft.de\/wordpress\/wp-json\/wp\/v2\/pages"}],"about":[{"href":"https:\/\/www.musical-ensemble-erft.de\/wordpress\/wp-json\/wp\/v2\/types\/page"}],"author":[{"embeddable":true,"href":"https:\/\/www.musical-ensemble-erft.de\/wordpress\/wp-json\/wp\/v2\/users\/1"}],"replies":[{"embeddable":true,"href":"https:\/\/www.musical-ensemble-erft.de\/wordpress\/wp-json\/wp\/v2\/comments?post=3359"}],"version-history":[{"count":10,"href":"https:\/\/www.musical-ensemble-erft.de\/wordpress\/wp-json\/wp\/v2\/pages\/3359\/revisions"}],"predecessor-version":[{"id":3650,"href":"https:\/\/www.musical-ensemble-erft.de\/wordpress\/wp-json\/wp\/v2\/pages\/3359\/revisions\/3650"}],"up":[{"embeddable":true,"href":"https:\/\/www.musical-ensemble-erft.de\/wordpress\/wp-json\/wp\/v2\/pages\/2734"}],"wp:attachment":[{"href":"https:\/\/www.musical-ensemble-erft.de\/wordpress\/wp-json\/wp\/v2\/media?parent=3359"}],"curies":[{"name":"wp","href":"https:\/\/api.w.org\/{rel}","templated":true}]}}