{"id":3470,"date":"2015-12-30T10:28:36","date_gmt":"2015-12-30T10:28:36","guid":{"rendered":"http:\/\/www.musical-ensemble-erft.de\/wordpress\/?page_id=3470"},"modified":"2015-12-30T10:29:38","modified_gmt":"2015-12-30T10:29:38","slug":"felix-hoevel","status":"publish","type":"page","link":"https:\/\/www.musical-ensemble-erft.de\/wordpress\/projekte\/the-addams-family\/cast-crew\/felix-hoevel\/","title":{"rendered":"Felix H\u00f6vel (Technische Beratung)"},"content":{"rendered":"<div id=\"attachment_3471\" style=\"width: 210px\" class=\"wp-caption alignleft\"><a href=\"https:\/\/www.musical-ensemble-erft.de\/wordpress\/wp-content\/uploads\/2015\/12\/FH.jpg\" rel=\"attachment wp-att-3471\" data-rel=\"lightbox-image-0\" data-rl_title=\"(c) Dominik Huse\" data-rl_caption=\"\" title=\"(c) Dominik Huse\"><img loading=\"lazy\" decoding=\"async\" aria-describedby=\"caption-attachment-3471\" class=\"wp-image-3471 size-medium\" src=\"https:\/\/www.musical-ensemble-erft.de\/wordpress\/wp-content\/uploads\/2015\/12\/FH-200x300.jpg\" alt=\"Felix H\u00f6vel - Foto (c) Dominik Huse\" width=\"200\" height=\"300\" srcset=\"https:\/\/www.musical-ensemble-erft.de\/wordpress\/wp-content\/uploads\/2015\/12\/FH-200x300.jpg 200w, https:\/\/www.musical-ensemble-erft.de\/wordpress\/wp-content\/uploads\/2015\/12\/FH.jpg 639w\" sizes=\"auto, (max-width: 200px) 100vw, 200px\" \/><\/a><p id=\"caption-attachment-3471\" class=\"wp-caption-text\">Felix H\u00f6vel &#8211; Foto (c) Dominik Huse<\/p><\/div>\n<p>Seit vielen Jahren unterst\u00fctzt Felix H\u00f6vel unser Ensemble als versierter Mann f\u00fcr alle Technik- und B\u00fchnenbild-F\u00e4lle. Schon als Sch\u00fcler engagierte er sich in der B\u00fchnentechnik-AG des Gymnasiums Kerpen und begleitete in diesem Rahmen zahlreiche unserer Projekte als Beleuchter, Runner und mit technischem Support in der Probenphase.<\/p>\n<p>Seine Leidenschaft macht Felix seit 2013 zum Beruf, als er nach seinem Abitur eine Ausbildung als Fachkraft f\u00fcr Veranstaltungstechnik bei unserem langj\u00e4hrigen Partner \u201aTotal Anders Veranstaltungstechnik\u2018 begann. In diesem Rahmen \u00fcbernahm er 2014 auch den Tonmischer-Job bei unseren Galas \u201aFrom the Soul\u2018 und unterst\u00fctzte Marco Maciejewski im Bereich Lichtdesign und -programmierung.<\/p>\n<p>Felix\u2018 Know-How in Sachen B\u00fchnentechnik beschr\u00e4nkt sich jedoch nicht nur auf Licht und Ton, auch in Sachen B\u00fchnenbau ist \u201eFelix mit der Flex\u201c sehr versiert und \u00fcbernimmt viele handwerklich aufw\u00e4ndige Jobs im B\u00fchnenbild-Team. Auch im Projekt \u201aThe Addams Family\u2018 wird er uns neben seinen professionellen Engagements in der Probenphase erneut ehrenamtlich in den Bereichen B\u00fchne, Licht und Ton zur Hand gehen.<\/p>\n","protected":false},"excerpt":{"rendered":"<p>Seit vielen Jahren unterst\u00fctzt Felix H\u00f6vel unser Ensemble als versierter Mann f\u00fcr alle Technik- und B\u00fchnenbild-F\u00e4lle. Schon als Sch\u00fcler engagierte er sich in der B\u00fchnentechnik-AG des Gymnasiums Kerpen und begleitete in diesem Rahmen zahlreiche unserer Projekte als Beleuchter, Runner und mit technischem Support in der Probenphase. Seine Leidenschaft macht Felix seit 2013 zum Beruf, als [&hellip;]<\/p>\n","protected":false},"author":1,"featured_media":3471,"parent":3228,"menu_order":20,"comment_status":"closed","ping_status":"closed","template":"","meta":{"footnotes":""},"class_list":["post-3470","page","type-page","status-publish","has-post-thumbnail","hentry","post-preview"],"_links":{"self":[{"href":"https:\/\/www.musical-ensemble-erft.de\/wordpress\/wp-json\/wp\/v2\/pages\/3470","targetHints":{"allow":["GET"]}}],"collection":[{"href":"https:\/\/www.musical-ensemble-erft.de\/wordpress\/wp-json\/wp\/v2\/pages"}],"about":[{"href":"https:\/\/www.musical-ensemble-erft.de\/wordpress\/wp-json\/wp\/v2\/types\/page"}],"author":[{"embeddable":true,"href":"https:\/\/www.musical-ensemble-erft.de\/wordpress\/wp-json\/wp\/v2\/users\/1"}],"replies":[{"embeddable":true,"href":"https:\/\/www.musical-ensemble-erft.de\/wordpress\/wp-json\/wp\/v2\/comments?post=3470"}],"version-history":[{"count":2,"href":"https:\/\/www.musical-ensemble-erft.de\/wordpress\/wp-json\/wp\/v2\/pages\/3470\/revisions"}],"predecessor-version":[{"id":3477,"href":"https:\/\/www.musical-ensemble-erft.de\/wordpress\/wp-json\/wp\/v2\/pages\/3470\/revisions\/3477"}],"up":[{"embeddable":true,"href":"https:\/\/www.musical-ensemble-erft.de\/wordpress\/wp-json\/wp\/v2\/pages\/3228"}],"wp:featuredmedia":[{"embeddable":true,"href":"https:\/\/www.musical-ensemble-erft.de\/wordpress\/wp-json\/wp\/v2\/media\/3471"}],"wp:attachment":[{"href":"https:\/\/www.musical-ensemble-erft.de\/wordpress\/wp-json\/wp\/v2\/media?parent=3470"}],"curies":[{"name":"wp","href":"https:\/\/api.w.org\/{rel}","templated":true}]}}