{"id":351,"date":"2012-02-04T23:42:07","date_gmt":"2012-02-04T23:42:07","guid":{"rendered":"http:\/\/www.musical-ensemble-erft.de\/wordpress\/?page_id=351"},"modified":"2012-07-09T15:44:06","modified_gmt":"2012-07-09T15:44:06","slug":"oliver-morschel","status":"publish","type":"page","link":"https:\/\/www.musical-ensemble-erft.de\/wordpress\/projekte\/rent\/cast\/oliver-morschel\/","title":{"rendered":"Oliver Morschel (Mark)"},"content":{"rendered":"<p><a href=\"https:\/\/www.musical-ensemble-erft.de\/wordpress\/wp-content\/uploads\/2012\/02\/IMG_5472.jpg\" data-rel=\"lightbox-image-0\" data-rl_title=\"\" data-rl_caption=\"\"><img loading=\"lazy\" decoding=\"async\" class=\"alignleft size-medium wp-image-607\" title=\"\" src=\"https:\/\/www.musical-ensemble-erft.de\/wordpress\/wp-content\/uploads\/2012\/02\/IMG_5472-228x300.jpg\" alt=\"Oliver Morschel (Mark)\" width=\"228\" height=\"300\" srcset=\"https:\/\/www.musical-ensemble-erft.de\/wordpress\/wp-content\/uploads\/2012\/02\/IMG_5472-228x300.jpg 228w, https:\/\/www.musical-ensemble-erft.de\/wordpress\/wp-content\/uploads\/2012\/02\/IMG_5472.jpg 380w\" sizes=\"auto, (max-width: 228px) 100vw, 228px\" \/><\/a>Oliver schlie\u00dft Anfang des n\u00e4chsten Jahres sein Musical-Studium an der Folkwang Universit\u00e4t der K\u00fcnste ab. Als Sonderpreistr\u00e4ger des Bundeswettbewerb Gesang 2011 gastierte er als Solist im Berliner Friedrichstadtpalast und bei den Wetzlarer Festspielen. F\u00fcr den Bundesverband Deutscher Gesangsp\u00e4dagogen gab er ein Solo-Konzert in M\u00fcnchen. Auf der B\u00fchne konnte man den 27-J\u00e4hrigen zuletzt in der Hauptrolle des &#8218;Dutilleul&#8216; in der deutschen Erstauff\u00fchrung des Chanson-Musicals &#8218;Ein Mann geht durch die Wand&#8216; (Rathaustheater Essen) sowie als &#8218;Ivan&#8216; in &#8218;Die Fledermaus&#8216; (Oper Essen) erleben. Zuvor trat Oliver im Rahmen seines Studiums als &#8218;Stanley&#8216; in &#8218;One Touch Of Venus&#8216; sowie bei zahlreichen Konzerten auf. Seine n\u00e4chsten Projekte sind &#8218;Street Scene&#8216; im Musiktheater im Revier Gelsenkirchen sowie ein Musical-Konzert mit dem WDR Rundfunkorchester im November.<\/p>\n<p>Als erfolgreiches Kerpener Eigengew\u00e4chs war Oliver bereits zwischen 2000 und 2007 in zahlreichen Produktionen der Musical-AG Kerpen und als Solist im &#8218;Forum junger K\u00fcnstler&#8216; zu sehen. Beim Musical Ensemble Erft \u00fcbernahm er zuletzt 2010 die Hauptrolle des &#8218;Jon&#8216; in der Deutschlandpremiere von Jonathan Larsons &#8218;tick, tick&#8230;BOOM!&#8216;.<\/p>\n","protected":false},"excerpt":{"rendered":"<p>Oliver schlie\u00dft Anfang des n\u00e4chsten Jahres sein Musical-Studium an der Folkwang Universit\u00e4t der K\u00fcnste ab. Als Sonderpreistr\u00e4ger des Bundeswettbewerb Gesang 2011 gastierte er als Solist im Berliner Friedrichstadtpalast und bei den Wetzlarer Festspielen. F\u00fcr den Bundesverband Deutscher Gesangsp\u00e4dagogen gab er ein Solo-Konzert in M\u00fcnchen. Auf der B\u00fchne konnte man den 27-J\u00e4hrigen zuletzt in der Hauptrolle [&hellip;]<\/p>\n","protected":false},"author":1,"featured_media":0,"parent":188,"menu_order":0,"comment_status":"open","ping_status":"open","template":"","meta":{"footnotes":""},"class_list":["post-351","page","type-page","status-publish","hentry","post-preview"],"_links":{"self":[{"href":"https:\/\/www.musical-ensemble-erft.de\/wordpress\/wp-json\/wp\/v2\/pages\/351","targetHints":{"allow":["GET"]}}],"collection":[{"href":"https:\/\/www.musical-ensemble-erft.de\/wordpress\/wp-json\/wp\/v2\/pages"}],"about":[{"href":"https:\/\/www.musical-ensemble-erft.de\/wordpress\/wp-json\/wp\/v2\/types\/page"}],"author":[{"embeddable":true,"href":"https:\/\/www.musical-ensemble-erft.de\/wordpress\/wp-json\/wp\/v2\/users\/1"}],"replies":[{"embeddable":true,"href":"https:\/\/www.musical-ensemble-erft.de\/wordpress\/wp-json\/wp\/v2\/comments?post=351"}],"version-history":[{"count":0,"href":"https:\/\/www.musical-ensemble-erft.de\/wordpress\/wp-json\/wp\/v2\/pages\/351\/revisions"}],"up":[{"embeddable":true,"href":"https:\/\/www.musical-ensemble-erft.de\/wordpress\/wp-json\/wp\/v2\/pages\/188"}],"wp:attachment":[{"href":"https:\/\/www.musical-ensemble-erft.de\/wordpress\/wp-json\/wp\/v2\/media?parent=351"}],"curies":[{"name":"wp","href":"https:\/\/api.w.org\/{rel}","templated":true}]}}