{"id":361,"date":"2012-02-04T23:43:01","date_gmt":"2012-02-04T23:43:01","guid":{"rendered":"http:\/\/www.musical-ensemble-erft.de\/wordpress\/?page_id=361"},"modified":"2012-08-14T09:14:16","modified_gmt":"2012-08-14T09:14:16","slug":"dennis-mueller","status":"publish","type":"page","link":"https:\/\/www.musical-ensemble-erft.de\/wordpress\/projekte\/rent\/cast\/dennis-mueller\/","title":{"rendered":"Dennis M\u00fcller (Benny)"},"content":{"rendered":"<p><a href=\"https:\/\/www.musical-ensemble-erft.de\/wordpress\/wp-content\/uploads\/2012\/02\/IMG_5586.jpg\" data-rel=\"lightbox-image-0\" data-rl_title=\"\" data-rl_caption=\"\"><img loading=\"lazy\" decoding=\"async\" class=\"alignleft size-medium wp-image-614\" title=\"\" src=\"https:\/\/www.musical-ensemble-erft.de\/wordpress\/wp-content\/uploads\/2012\/02\/IMG_5586-228x300.jpg\" alt=\"Dennis M\u00fcller (Benny)\" width=\"228\" height=\"300\" srcset=\"https:\/\/www.musical-ensemble-erft.de\/wordpress\/wp-content\/uploads\/2012\/02\/IMG_5586-228x300.jpg 228w, https:\/\/www.musical-ensemble-erft.de\/wordpress\/wp-content\/uploads\/2012\/02\/IMG_5586.jpg 380w\" sizes=\"auto, (max-width: 228px) 100vw, 228px\" \/><\/a>Mit seiner Soulband &#8218;Dan O&#8217;Clock&#8216; hat sich Dennis weit \u00fcber die Region hinaus einen Namen gemacht: Er war erfolgreich bei &#8218;K\u00f6ln rockt&#8216;, dem &#8218;Chesterfield Music Award&#8216; und gewann zahlreiche Songwriter-Slams in ganz NRW. Die musikalische Karriere des 24-J\u00e4hrigen begann indes schon zu Schulzeiten: Nach Gitarrenunterricht bei Thomas Kaehne erlernte Dennis autodidaktisch Klavierspiel und Gesang und war fortan regelm\u00e4\u00dfiger Gast auf den B\u00fchnen der Region mit Sch\u00fclerbands wie &#8218;Shir Khan&#8216; und &#8218;Breakdown&#8216;, der Rockband &#8218;Explosivo&#8216;, der Unterhaltungs-Combo &#8218;Radioactive P&#8216;, aber auch mehreren Musicalprojekten wie dem &#8218;Dschungelbuch&#8216; oder der &#8218;Nacht der Musicals&#8216;. Momentan bereitet Dennis gemeinsam mit dem Produzenten BOOMTSCHACK den Release seines ersten Albums &#8218;Auf dem halben Weg der Besserung&#8216; vor.<\/p>\n<p><a href=\"http:\/\/www.danoclock.de\/\" target=\"_new\">www.danoclock.de<\/a><br \/>\n<a href=\"http:\/\/www.agentur-ahrens.de\/\" target=\"_new\">www.agentur-ahrens.de<\/a><\/p>\n","protected":false},"excerpt":{"rendered":"<p>Mit seiner Soulband &#8218;Dan O&#8217;Clock&#8216; hat sich Dennis weit \u00fcber die Region hinaus einen Namen gemacht: Er war erfolgreich bei &#8218;K\u00f6ln rockt&#8216;, dem &#8218;Chesterfield Music Award&#8216; und gewann zahlreiche Songwriter-Slams in ganz NRW. Die musikalische Karriere des 24-J\u00e4hrigen begann indes schon zu Schulzeiten: Nach Gitarrenunterricht bei Thomas Kaehne erlernte Dennis autodidaktisch Klavierspiel und Gesang und [&hellip;]<\/p>\n","protected":false},"author":1,"featured_media":0,"parent":188,"menu_order":4,"comment_status":"open","ping_status":"open","template":"","meta":{"footnotes":""},"class_list":["post-361","page","type-page","status-publish","hentry","post-preview"],"_links":{"self":[{"href":"https:\/\/www.musical-ensemble-erft.de\/wordpress\/wp-json\/wp\/v2\/pages\/361","targetHints":{"allow":["GET"]}}],"collection":[{"href":"https:\/\/www.musical-ensemble-erft.de\/wordpress\/wp-json\/wp\/v2\/pages"}],"about":[{"href":"https:\/\/www.musical-ensemble-erft.de\/wordpress\/wp-json\/wp\/v2\/types\/page"}],"author":[{"embeddable":true,"href":"https:\/\/www.musical-ensemble-erft.de\/wordpress\/wp-json\/wp\/v2\/users\/1"}],"replies":[{"embeddable":true,"href":"https:\/\/www.musical-ensemble-erft.de\/wordpress\/wp-json\/wp\/v2\/comments?post=361"}],"version-history":[{"count":0,"href":"https:\/\/www.musical-ensemble-erft.de\/wordpress\/wp-json\/wp\/v2\/pages\/361\/revisions"}],"up":[{"embeddable":true,"href":"https:\/\/www.musical-ensemble-erft.de\/wordpress\/wp-json\/wp\/v2\/pages\/188"}],"wp:attachment":[{"href":"https:\/\/www.musical-ensemble-erft.de\/wordpress\/wp-json\/wp\/v2\/media?parent=361"}],"curies":[{"name":"wp","href":"https:\/\/api.w.org\/{rel}","templated":true}]}}