{"id":4242,"date":"2017-03-09T10:25:20","date_gmt":"2017-03-09T10:25:20","guid":{"rendered":"http:\/\/www.musical-ensemble-erft.de\/wordpress\/?page_id=4242"},"modified":"2017-03-31T12:45:31","modified_gmt":"2017-03-31T12:45:31","slug":"nacht-der-bibliotheken-2017","status":"publish","type":"page","link":"https:\/\/www.musical-ensemble-erft.de\/wordpress\/projekte\/auftritte\/nacht-der-bibliotheken-2017\/","title":{"rendered":"Nacht der Bibliotheken 2017"},"content":{"rendered":"<p><strong>Solistenprogramm in der Stadtbibliothek Bergheim, 10. M\u00e4rz 2017<\/strong><\/p>\n<p><strong>Auf der B\u00fchne: <\/strong>Markus B\u00fcrgel, Marco Maciejewski, Barbara Mocha, Miguel Schlang, Tim Stranowsky, Sarah Wichmann, Jonas Wender<br \/>\n<strong>Klavier &#038; musikalische Leitung:<\/strong> Philipp Schwerhoff<br \/>\n<strong>Moderation:<\/strong> Miguel Schlang<br \/>\n<strong>Projektleitung<\/strong>: Barbara Franck<br \/>\n<strong>Veranstalter<\/strong>: Stadtbibliothek Bergheim<\/p>\n<p><strong>Das Programm<\/strong><\/p>\n<p>1) Dies ist die Stunde [Jekyll &#038; Hyde] (Markus, Marco, Miguel, Tim, Jonas)<br \/>\n2) Beauty and the Beast [Beauty and the Beast] (Sarah)<br \/>\n3) Jetzt hast du Seymour [Der kleine Horrorladen] (Barbara &#038; Marco)<br \/>\n4) Sind die Sterne gegen uns [Aida] (Sarah &#038; Markus)<br \/>\n5) Solang ich dich hab [Wicked] (Barbara &#038; Jonas)<br \/>\n6) Gef\u00fchl und Verstand [Marie Antoinette] (Barbara &#038; Markus)<br \/>\n7) Die Schatten werden l\u00e4nger [Elisabeth] (Tim &#038; Jonas)<br \/>\n8) Wer ich wirklich bin [Tarzan] (Tim)<br \/>\n9) Ich w\u00fcnsch mich zur\u00fcck auf das College [Avenue Q] (Sarah, Marco &#038; Miguel)<br \/>\n10) So m\u00f6chte ich sein [Shrek] (Jonas, Marco &#038; Sarah)<br \/>\n11) Lasse dein Ma\u00df die Liebe sein [RENT] (Sarah, Tim &#038; Ensemble)<\/p>\n<div id=\"attachment_4263\" style=\"width: 970px\" class=\"wp-caption aligncenter\"><a href=\"https:\/\/www.musical-ensemble-erft.de\/wordpress\/wp-content\/uploads\/2017\/03\/17190758_1356634687713616_2353815935141764953_n.jpg\" data-rel=\"lightbox-image-0\" data-rl_title=\"Unser Team f\u00fcr die &#039;Nacht der Bibliotheken&#039; 2017.\" data-rl_caption=\"\" title=\"Unser Team f\u00fcr die &#039;Nacht der Bibliotheken&#039; 2017.\"><img loading=\"lazy\" decoding=\"async\" aria-describedby=\"caption-attachment-4263\" src=\"https:\/\/www.musical-ensemble-erft.de\/wordpress\/wp-content\/uploads\/2017\/03\/17190758_1356634687713616_2353815935141764953_n.jpg\" alt=\"\" width=\"960\" height=\"960\" class=\"size-full wp-image-4263\" srcset=\"https:\/\/www.musical-ensemble-erft.de\/wordpress\/wp-content\/uploads\/2017\/03\/17190758_1356634687713616_2353815935141764953_n.jpg 960w, https:\/\/www.musical-ensemble-erft.de\/wordpress\/wp-content\/uploads\/2017\/03\/17190758_1356634687713616_2353815935141764953_n-150x150.jpg 150w, https:\/\/www.musical-ensemble-erft.de\/wordpress\/wp-content\/uploads\/2017\/03\/17190758_1356634687713616_2353815935141764953_n-300x300.jpg 300w, https:\/\/www.musical-ensemble-erft.de\/wordpress\/wp-content\/uploads\/2017\/03\/17190758_1356634687713616_2353815935141764953_n-768x768.jpg 768w, https:\/\/www.musical-ensemble-erft.de\/wordpress\/wp-content\/uploads\/2017\/03\/17190758_1356634687713616_2353815935141764953_n-144x144.jpg 144w\" sizes=\"auto, (max-width: 960px) 100vw, 960px\" \/><\/a><p id=\"caption-attachment-4263\" class=\"wp-caption-text\">Unser Team f\u00fcr die &#8218;Nacht der Bibliotheken&#8216; 2017.<\/p><\/div>\n","protected":false},"excerpt":{"rendered":"<p>Solistenprogramm in der Stadtbibliothek Bergheim, 10. M\u00e4rz 2017 Auf der B\u00fchne: Markus B\u00fcrgel, Marco Maciejewski, Barbara Mocha, Miguel Schlang, Tim Stranowsky, Sarah Wichmann, Jonas Wender Klavier &#038; musikalische Leitung: Philipp Schwerhoff Moderation: Miguel Schlang Projektleitung: Barbara Franck Veranstalter: Stadtbibliothek Bergheim Das Programm 1) Dies ist die Stunde [Jekyll &#038; Hyde] (Markus, Marco, Miguel, Tim, Jonas) [&hellip;]<\/p>\n","protected":false},"author":1,"featured_media":4236,"parent":2734,"menu_order":0,"comment_status":"closed","ping_status":"closed","template":"","meta":{"footnotes":""},"class_list":["post-4242","page","type-page","status-publish","has-post-thumbnail","hentry","post-preview"],"_links":{"self":[{"href":"https:\/\/www.musical-ensemble-erft.de\/wordpress\/wp-json\/wp\/v2\/pages\/4242","targetHints":{"allow":["GET"]}}],"collection":[{"href":"https:\/\/www.musical-ensemble-erft.de\/wordpress\/wp-json\/wp\/v2\/pages"}],"about":[{"href":"https:\/\/www.musical-ensemble-erft.de\/wordpress\/wp-json\/wp\/v2\/types\/page"}],"author":[{"embeddable":true,"href":"https:\/\/www.musical-ensemble-erft.de\/wordpress\/wp-json\/wp\/v2\/users\/1"}],"replies":[{"embeddable":true,"href":"https:\/\/www.musical-ensemble-erft.de\/wordpress\/wp-json\/wp\/v2\/comments?post=4242"}],"version-history":[{"count":3,"href":"https:\/\/www.musical-ensemble-erft.de\/wordpress\/wp-json\/wp\/v2\/pages\/4242\/revisions"}],"predecessor-version":[{"id":4274,"href":"https:\/\/www.musical-ensemble-erft.de\/wordpress\/wp-json\/wp\/v2\/pages\/4242\/revisions\/4274"}],"up":[{"embeddable":true,"href":"https:\/\/www.musical-ensemble-erft.de\/wordpress\/wp-json\/wp\/v2\/pages\/2734"}],"wp:featuredmedia":[{"embeddable":true,"href":"https:\/\/www.musical-ensemble-erft.de\/wordpress\/wp-json\/wp\/v2\/media\/4236"}],"wp:attachment":[{"href":"https:\/\/www.musical-ensemble-erft.de\/wordpress\/wp-json\/wp\/v2\/media?parent=4242"}],"curies":[{"name":"wp","href":"https:\/\/api.w.org\/{rel}","templated":true}]}}