{"id":4438,"date":"2017-06-24T12:56:25","date_gmt":"2017-06-24T10:56:25","guid":{"rendered":"http:\/\/www.musical-ensemble-erft.de\/wordpress\/?page_id=4438"},"modified":"2017-07-26T10:26:38","modified_gmt":"2017-07-26T08:26:38","slug":"cast-crew","status":"publish","type":"page","link":"https:\/\/www.musical-ensemble-erft.de\/wordpress\/projekte\/next-to-normal\/cast-crew\/","title":{"rendered":"Cast &#038; Crew"},"content":{"rendered":"<p><strong><u>Darsteller:<\/u><\/strong><\/p>\n<p><strong>Diana Goodman: <\/strong><a href=\"https:\/\/www.musical-ensemble-erft.de\/wordpress\/projekte\/next-to-normal\/gabi-schmidt-diana-goodman\/\">Gabi Schmidt<\/a><br \/>\n<strong>Dan Goodman: <\/strong><a href=\"https:\/\/www.musical-ensemble-erft.de\/wordpress\/projekte\/next-to-normal\/jonas-wender-dan-goodman\/\">Jonas Wender<\/a><br \/>\n<strong>Natalie Goodman:<\/strong> <a href=\"https:\/\/www.musical-ensemble-erft.de\/wordpress\/projekte\/next-to-normal\/laura-hatko-natalie-goodman-taenzerische-leitung\/\">Laura Hatko<\/a><br \/>\n<strong>Gabe Goodman:<\/strong> <a href=\"https:\/\/www.musical-ensemble-erft.de\/wordpress\/projekte\/next-to-normal\/philipp-schwerhoff-gabe-goodman\/\">Philipp Schwerhoff<\/a><br \/>\n<strong>Henry: <\/strong><a href=\"https:\/\/www.musical-ensemble-erft.de\/wordpress\/projekte\/next-to-normal\/tim-stranowsky-henry\/\">Tim Stranowsky<\/a><br \/>\n<strong>Dr.Fine\/Dr.Madden:<\/strong> <a href=\"https:\/\/www.musical-ensemble-erft.de\/wordpress\/projekte\/next-to-normal\/alexander-geiger-dr-finedr-madden\/\">Alexander Geiger<\/a><br \/>\n<strong><br \/>\n<u>Kreativteam:<\/u><\/strong><\/p>\n<p><strong>K\u00fcnstlerische Gesamtleitung, Inszenierung &amp; Regie:<\/strong> <a href=\"https:\/\/www.musical-ensemble-erft.de\/wordpress\/projekte\/next-to-normal\/barbara-franck-kuenstlerische-gesamtleitung-regie\/\">Barbara Franck<\/a><br \/>\n<strong>Musikalische Leitung: <\/strong><a href=\"https:\/\/www.musical-ensemble-erft.de\/wordpress\/projekte\/next-to-normal\/david-mertin-musikalische-leitung\/\">David Mertin<\/a> \/ <a href=\"https:\/\/www.facebook.com\/David-Mertin-Gesang-Piano-Arrangement-1550927131785755\/\" target=\"_blank\" rel=\"noopener noreferrer\">David Mertin &#8211; Gesang | Piano | Arrangement<\/a><br \/>\n<strong>T\u00e4nzerische Leitung &amp; Choreographien: <\/strong>Laura Hatko<\/p>\n<p><strong>Lichtdesign:<\/strong> <a href=\"https:\/\/www.musical-ensemble-erft.de\/wordpress\/projekte\/next-to-normal\/marco-maciejewski-lichtdesign-schauspiel-coaching\/\">Marco Maciejewski<\/a><br \/>\n<strong>Hair &amp; Make-up: <\/strong><a href=\"https:\/\/www.musical-ensemble-erft.de\/wordpress\/projekte\/next-to-normal\/yavanna-puetz-hair-make-up\/\">Yavanna P\u00fctz<\/a> \/ <a href=\"https:\/\/www.facebook.com\/yavann.art\" target=\"_blank\" rel=\"noopener noreferrer\">Yavann.Art<\/a><br \/>\n<strong>Ltg. PR &amp; Marketing:<\/strong> Laura Hatko<br \/>\n<strong>Artwork: <\/strong><a href=\"https:\/\/www.brand-verhalten.de\" target=\"_blank\" rel=\"noopener noreferrer\">Thomas Atzenbeck Design \/\/ Brand-Verhalten<\/a><br \/>\n<strong>Fotos:<\/strong> <a href=\"https:\/\/www.facebook.com\/fabianboehle.photographie\" target=\"_blank\" rel=\"noopener noreferrer\">Fabian B\u00f6hle Photographie <\/a><\/p>\n<p><strong>Ltg. Ticketing:<\/strong> Sarah Wichmann<br \/>\n<strong>Veranstaltungstechnik: <\/strong><a href=\"http:\/\/totalanders.de\" target=\"_blank\" rel=\"noopener noreferrer\">total anders. Licht Ton B\u00fchne.<\/a><\/p>\n<p><u>Die Musiker:<\/u><\/p>\n<p><strong>Klavier und Bandleitung:<\/strong> David Mertin<br \/>\n<strong>Gitarre:<\/strong> Ingo Hunz<br \/>\n<strong>Bass:<\/strong> Dominik Bierb\u00fcsse<br \/>\n<strong>Drums:<\/strong> Kay R\u00f6ttgen<br \/>\n<strong>Cello:<\/strong> Gereon Schmelter<br \/>\n<strong>Violine &amp; Synthesizer:<\/strong> Ornella Tobar Gaete<\/p>\n<p><strong>Musik von Tom Kitt<br \/>\nBuch und Gesangstexte von Brian Yorkey<br \/>\nDeutsch von Titus Hoffmann <\/strong><\/p>\n<p>Original-Broadwayproduktion von David Stone, James L. Nederlander, Barbara Whitman, Patrick Catullo und Second Stage Theatre. Die \u00dcbertragung des Auff\u00fchrungsrechtes erfolgt in \u00dcbereinkunft mit MUSIC THEATRE INTERNATIONAL (EUROPE) LTD, London. B\u00fchnenvertrieb in Deutschland: MUSIK UND B\u00dcHNE Verlagsgesellschaft mbH, Wiesbaden.<\/p>\n<div id=\"attachment_4535\" style=\"width: 610px\" class=\"wp-caption aligncenter\"><a href=\"https:\/\/www.musical-ensemble-erft.de\/wordpress\/wp-content\/uploads\/2017\/06\/N2N_LOGO_600x360px.jpg\" data-rel=\"lightbox-image-0\" data-rl_title=\"\" data-rl_caption=\"\" title=\"\"><img loading=\"lazy\" decoding=\"async\" aria-describedby=\"caption-attachment-4535\" class=\"wp-image-4535 size-full\" src=\"https:\/\/www.musical-ensemble-erft.de\/wordpress\/wp-content\/uploads\/2017\/06\/N2N_LOGO_600x360px.jpg\" alt=\"Next To Normal - Musical Ensemble Erft - (c)Thomas Atzenbeck Design\" width=\"600\" height=\"360\" srcset=\"https:\/\/www.musical-ensemble-erft.de\/wordpress\/wp-content\/uploads\/2017\/06\/N2N_LOGO_600x360px.jpg 600w, https:\/\/www.musical-ensemble-erft.de\/wordpress\/wp-content\/uploads\/2017\/06\/N2N_LOGO_600x360px-400x240.jpg 400w\" sizes=\"auto, (max-width: 600px) 100vw, 600px\" \/><\/a><p id=\"caption-attachment-4535\" class=\"wp-caption-text\">Next To Normal &#8211; Musical Ensemble Erft &#8211; (c)Thomas Atzenbeck Design<\/p><\/div>\n","protected":false},"excerpt":{"rendered":"<p>Darsteller: Diana Goodman: Gabi Schmidt Dan Goodman: Jonas Wender Natalie Goodman: Laura Hatko Gabe Goodman: Philipp Schwerhoff Henry: Tim Stranowsky Dr.Fine\/Dr.Madden: Alexander Geiger Kreativteam: K\u00fcnstlerische Gesamtleitung, Inszenierung &amp; Regie: Barbara Franck Musikalische Leitung: David Mertin \/ David Mertin &#8211; Gesang | Piano | Arrangement T\u00e4nzerische Leitung &amp; Choreographien: Laura Hatko Lichtdesign: Marco Maciejewski Hair &amp; [&hellip;]<\/p>\n","protected":false},"author":1,"featured_media":4535,"parent":4385,"menu_order":0,"comment_status":"closed","ping_status":"closed","template":"","meta":{"footnotes":""},"class_list":["post-4438","page","type-page","status-publish","has-post-thumbnail","hentry","post-preview"],"_links":{"self":[{"href":"https:\/\/www.musical-ensemble-erft.de\/wordpress\/wp-json\/wp\/v2\/pages\/4438","targetHints":{"allow":["GET"]}}],"collection":[{"href":"https:\/\/www.musical-ensemble-erft.de\/wordpress\/wp-json\/wp\/v2\/pages"}],"about":[{"href":"https:\/\/www.musical-ensemble-erft.de\/wordpress\/wp-json\/wp\/v2\/types\/page"}],"author":[{"embeddable":true,"href":"https:\/\/www.musical-ensemble-erft.de\/wordpress\/wp-json\/wp\/v2\/users\/1"}],"replies":[{"embeddable":true,"href":"https:\/\/www.musical-ensemble-erft.de\/wordpress\/wp-json\/wp\/v2\/comments?post=4438"}],"version-history":[{"count":19,"href":"https:\/\/www.musical-ensemble-erft.de\/wordpress\/wp-json\/wp\/v2\/pages\/4438\/revisions"}],"predecessor-version":[{"id":4741,"href":"https:\/\/www.musical-ensemble-erft.de\/wordpress\/wp-json\/wp\/v2\/pages\/4438\/revisions\/4741"}],"up":[{"embeddable":true,"href":"https:\/\/www.musical-ensemble-erft.de\/wordpress\/wp-json\/wp\/v2\/pages\/4385"}],"wp:featuredmedia":[{"embeddable":true,"href":"https:\/\/www.musical-ensemble-erft.de\/wordpress\/wp-json\/wp\/v2\/media\/4535"}],"wp:attachment":[{"href":"https:\/\/www.musical-ensemble-erft.de\/wordpress\/wp-json\/wp\/v2\/media?parent=4438"}],"curies":[{"name":"wp","href":"https:\/\/api.w.org\/{rel}","templated":true}]}}