{"id":5124,"date":"2018-11-30T10:17:54","date_gmt":"2018-11-30T08:17:54","guid":{"rendered":"https:\/\/www.musical-ensemble-erft.de\/wordpress\/?page_id=5124"},"modified":"2019-04-08T19:02:08","modified_gmt":"2019-04-08T17:02:08","slug":"stueck-und-hintergrund","status":"publish","type":"page","link":"https:\/\/www.musical-ensemble-erft.de\/wordpress\/projekte\/first-date\/stueck-und-hintergrund\/","title":{"rendered":"St\u00fcck und Hintergrund"},"content":{"rendered":"<p><strong>Ein spie\u00dfiger Banker. Eine provokante K\u00fcnstlerin. Ein Blind Date. Was k\u00f6nnte da schon schief gehen? Das Musical &#8218;FIRST DATE&#8216; ist moderne Broadway-Comedy in H\u00f6chstform und beste Unterhaltung f\u00fcr jeden, der in seinem Leben schon einmal ein Date hatte. <\/strong><\/p>\n<p>Seit seiner Premiere am Broadway im Jahr 2013 feiert &#8218;FIRST DATE&#8216; weltweit Erfolge \u2013 kein Wunder, denn das Musical bringt alles mit, was das Publikum fesselt. Als erst zweites Ensemble in Deutschland hat unser Verein die Auff\u00fchrungsrechte f\u00fcr das St\u00fcck zugesprochen bekommen und wir sind uns sicher, dass es gro\u00dfen Anklang finden wird &#8211; kann sich in der Handlung doch fast jeder wiederfinden. In &#8218;FIRST DATE&#8216; soll <strong>Blind-Date-Neuling Aaron mit der selbstbewussten Casey verkuppelt werden<\/strong>. W\u00e4hrend das Date in Echtzeit abl\u00e4uft, stellt das potenzielle Paar fest, dass es an diesem Abend nicht allein im Restaurant ist: Auf entz\u00fcckende und \u00fcberraschende Art und Weise <strong>erwachen ihre inneren Gedanken und Selbstzweifel zum Leben<\/strong> und nehmen in Form der anderen G\u00e4ste singend und tanzend &#8211; etwa als bester Kumpel mit zweifelhaften Ratschl\u00e4gen, als manipulative Ex-Verlobte oder als besch\u00fctzende gro\u00dfe Schwester &#8211; am Abend teil.<\/p>\n<blockquote><p>&#8222;Witzig. Romantisch. Rundum unterhaltsam.&#8220; (Variety)<\/p><\/blockquote>\n<p>Was ist, wenn beim Date das <strong>unangenehme Schweigen<\/strong> eintritt? Wann ist es zu fr\u00fch, \u00fcber vergangene Beziehungen zu sprechen? Welche Themen sollte man beim ersten Treffen sonst noch <strong>um jeden Preis vermeiden<\/strong>? Muss ich als Frau wirklich Salat bestellen, um zu gefallen? Lohnt sich ein zweites Date, wenn man scheinbar furchtbar unterschiedlich tickt? Und wer \u00fcbernimmt blo\u00df die Rechnung? All diese Fragen beantwortet das Musical &#8218;FIRST DATE&#8216; gleicherma\u00dfen liebevoll wie humorvoll <strong>mit sieben Darstellern, die alle nahezu ohne Pause auf der B\u00fchne sind<\/strong>, und mit <strong>mitrei\u00dfender Rock- und Popmusik von einer professionellen Live-Band<\/strong>.<\/p>\n<p><img loading=\"lazy\" decoding=\"async\" class=\"aligncenter wp-image-5142\" src=\"https:\/\/www.musical-ensemble-erft.de\/wordpress\/wp-content\/uploads\/2018\/11\/FirstDate_Logo_Auswahl.jpg\" alt=\"First Date \u2013 Musical Ensemble Erft \u2013 (c)Thomas Atzenbeck Design\" width=\"600\" height=\"300\" srcset=\"https:\/\/www.musical-ensemble-erft.de\/wordpress\/wp-content\/uploads\/2018\/11\/FirstDate_Logo_Auswahl.jpg 2362w, https:\/\/www.musical-ensemble-erft.de\/wordpress\/wp-content\/uploads\/2018\/11\/FirstDate_Logo_Auswahl-400x200.jpg 400w, https:\/\/www.musical-ensemble-erft.de\/wordpress\/wp-content\/uploads\/2018\/11\/FirstDate_Logo_Auswahl-768x384.jpg 768w, https:\/\/www.musical-ensemble-erft.de\/wordpress\/wp-content\/uploads\/2018\/11\/FirstDate_Logo_Auswahl-1024x512.jpg 1024w, https:\/\/www.musical-ensemble-erft.de\/wordpress\/wp-content\/uploads\/2018\/11\/FirstDate_Logo_Auswahl-1000x500.jpg 1000w\" sizes=\"auto, (max-width: 600px) 100vw, 600px\" \/><\/p>\n<p><strong>Hintergrund der Produktion<\/strong><\/p>\n<p>Mit &#8218;FIRST DATE&#8216; geht das Musical Ensemble Erft konsequent den Weg weiter, den es seit seiner Gr\u00fcndung eingeschlagen hat: <strong>modernes Musiktheater<\/strong> f\u00fcr den Rhein-Erft-Kreis zu pr\u00e4sentieren. Dabei war es uns wichtig, nach der eher anspruchsvollen Materie von &#8218;NEXT TO NORMAL&#8216; im Jahr 2017 nun wieder eine <strong>Kom\u00f6die<\/strong> zu spielen, um neue Probenreize f\u00fcr die Darsteller setzen zu k\u00f6nnen und vor allem unserem Publikum ein abwechslungsreiches Programm zu bieten. Die Regie bei &#8218;FIRST DATE&#8216; liegt in den bew\u00e4hrten H\u00e4nden unserer k\u00fcnstlerischen Leiterin\u00a0<strong>Barbara Franck<\/strong>, die erneut gemeinsam mit <strong>Laura Hatko<\/strong>\u00a0(t\u00e4nzerische Leitung und Choreographien),\u00a0<strong>David Mertin<\/strong>\u00a0(musikalische Leitung) und <strong>Marco Maciejewski<\/strong>\u00a0(B\u00fchne und Lichtdesign) das Kreativteam der Produktion bildet.<\/p>\n<p>Erstmals seit 2009 haben wir bei &#8218;FIRST DATE&#8216; einige Rollen doppelt besetzt, so dass in den sechs Shows zwei unterschiedliche Besetzungen spielen werden &#8211; insgesamt <strong>elf Darsteller \u00fcbernehmen die sieben Rollen<\/strong> und werden durch die teils sehr herausfordernden Rollenprofile (teilweise \u00fcbernehmen sie innerhalb des St\u00fcckes sieben verschiedene Charaktere!) in ihrer k\u00fcnstlerischen Entwicklung gef\u00f6rdert. Die Rolle des datenden Paares &#8218;Aaron&#8216; und &#8218;Casey&#8216; \u00fcbernehmen <strong>Tim Stranowsky<\/strong> und <strong>Laura Hatko<\/strong>, die zuletzt in &#8218;NEXT TO NORMAL&#8216; als &#8218;Henry&#8216; und &#8218;Natalie&#8216; begeisterten und zuvor in der &#8218;Addams Family&#8216; als &#8218;Lucas Beineke&#8216; und &#8218;Morticia Addams&#8216; zu sehen waren. Die Rolle des &#8218;Mann 2&#8216;, der unter anderem den Part von Caseys bestem Freund Reggie hat, spielt <strong>Miguel Schlang<\/strong>, zuletzt &#8218;Don Juan Addams&#8216; in der Addams Family. Als &#8218;Mann 1&#8216; (Aarons bester Freund Gabe, Brite, Youtube u.a.) sind alternierend\u00a0<strong>Alexander Geiger<\/strong> (&#8218;Dr. Madden\/Dr. Fine&#8216; in &#8218;NEXT TO NORMAL&#8216;) und <strong>Philipp Schwerhoff<\/strong> (&#8218;Gabe Goodman&#8216; in &#8218;NEXT TO NORMAL&#8216; und musikalischer Leiter unseres Vereins) zu sehen. Den Part des &#8218;Mann 3&#8216;, der als Kellner alle F\u00e4den des Abends zusammen h\u00e4lt, \u00fcbernehmen abwechselnd\u00a0<strong>Marco Maciejewski<\/strong> (u.a. bereits &#8218;Mal Beineke&#8216; in der &#8218;Addams Family&#8216;, &#8218;Angel&#8216; in &#8218;RENT&#8216;) und <strong>Markus B\u00fcrgel<\/strong> (&#8218;Francois Henri Addams&#8216; in der &#8218;Addams Family&#8216;). Auch die weiblichen Darstellerinnen bringen viel Erfahrung in unseren Produktionen mit: <strong>Sarah Wichmann<\/strong> (u.a. &#8218;Rebecca&#8216; in &#8218;Tanz der Vampire&#8216; und Solistin in &#8218;RENT&#8216;) und <strong>Katrin Janke<\/strong> (&#8218;Emma Addams&#8216; in der &#8218;Addams Family&#8216;) spielen alternierend &#8218;Frau 1&#8216;, die unter anderem Aarons Gro\u00dfmutter und Caseys Schwester verk\u00f6rpert. Als &#8218;Frau 2&#8216;, die u.a. als Aarons zickige Ex-Verlobte den Abend \u00fcberschattet, sind abwechselnd <strong>Anja Boden<\/strong> (u.a. &#8218;Wednesday Addams&#8216; in der &#8218;Addams Family&#8216; und Solistin beim 1LIVE-Musical) und <strong>Nadine Schulz<\/strong> (&#8218;Alice Beineke&#8216; in der &#8218;Addams Family&#8216;) zu sehen.<\/p>\n<p>Unterst\u00fctzt wird unser Darsteller-Ensemble auch diesmal von einer voraussichtlich siebenk\u00f6pfigen Live-Band, die der musikalische Leiter <strong>David Mertin<\/strong> aktuell speziell f\u00fcr die Produktion zusammenstellt. David war bereits bei &#8218;NEXT TO NORMAL&#8216; als musikalischer Leiter f\u00fcr unser Ensemble im Einsatz und bringt als Gr\u00fcnder und langj\u00e4hriger Leiter des &#8218;Jungen Musical Leverkusen&#8216; und aktuell von &#8218;Stage &amp; Music&#8216; viele Jahre Musiktheater-Erfahrung mit.<\/p>\n","protected":false},"excerpt":{"rendered":"<p>Ein spie\u00dfiger Banker. Eine provokante K\u00fcnstlerin. Ein Blind Date. Was k\u00f6nnte da schon schief gehen? Das Musical &#8218;FIRST DATE&#8216; ist moderne Broadway-Comedy in H\u00f6chstform und beste Unterhaltung f\u00fcr jeden, der in seinem Leben schon einmal ein Date hatte. Seit seiner Premiere am Broadway im Jahr 2013 feiert &#8218;FIRST DATE&#8216; weltweit Erfolge \u2013 kein Wunder, denn [&hellip;]<\/p>\n","protected":false},"author":1,"featured_media":5142,"parent":5121,"menu_order":0,"comment_status":"closed","ping_status":"closed","template":"","meta":{"footnotes":""},"class_list":["post-5124","page","type-page","status-publish","has-post-thumbnail","hentry","post-preview"],"_links":{"self":[{"href":"https:\/\/www.musical-ensemble-erft.de\/wordpress\/wp-json\/wp\/v2\/pages\/5124","targetHints":{"allow":["GET"]}}],"collection":[{"href":"https:\/\/www.musical-ensemble-erft.de\/wordpress\/wp-json\/wp\/v2\/pages"}],"about":[{"href":"https:\/\/www.musical-ensemble-erft.de\/wordpress\/wp-json\/wp\/v2\/types\/page"}],"author":[{"embeddable":true,"href":"https:\/\/www.musical-ensemble-erft.de\/wordpress\/wp-json\/wp\/v2\/users\/1"}],"replies":[{"embeddable":true,"href":"https:\/\/www.musical-ensemble-erft.de\/wordpress\/wp-json\/wp\/v2\/comments?post=5124"}],"version-history":[{"count":10,"href":"https:\/\/www.musical-ensemble-erft.de\/wordpress\/wp-json\/wp\/v2\/pages\/5124\/revisions"}],"predecessor-version":[{"id":5300,"href":"https:\/\/www.musical-ensemble-erft.de\/wordpress\/wp-json\/wp\/v2\/pages\/5124\/revisions\/5300"}],"up":[{"embeddable":true,"href":"https:\/\/www.musical-ensemble-erft.de\/wordpress\/wp-json\/wp\/v2\/pages\/5121"}],"wp:featuredmedia":[{"embeddable":true,"href":"https:\/\/www.musical-ensemble-erft.de\/wordpress\/wp-json\/wp\/v2\/media\/5142"}],"wp:attachment":[{"href":"https:\/\/www.musical-ensemble-erft.de\/wordpress\/wp-json\/wp\/v2\/media?parent=5124"}],"curies":[{"name":"wp","href":"https:\/\/api.w.org\/{rel}","templated":true}]}}