{"id":5774,"date":"2025-07-10T14:08:23","date_gmt":"2025-07-10T12:08:23","guid":{"rendered":"https:\/\/www.musical-ensemble-erft.de\/wordpress\/?page_id=5774"},"modified":"2026-03-18T18:20:09","modified_gmt":"2026-03-18T16:20:09","slug":"wie-im-himmel","status":"publish","type":"page","link":"https:\/\/www.musical-ensemble-erft.de\/wordpress\/projekte\/wie-im-himmel\/","title":{"rendered":"Wie im Himmel"},"content":{"rendered":"\n<p><strong>Ein schwedisches Dorf. Ein weltber\u00fchmter Musiker. Und die Kraft der Musik, die Menschen heilt: Alles beginnt mit dem Zuh\u00f6ren. <\/strong><\/p>\n\n\n\n<p>Der gefeierte Stardirigent Daniel Dar\u00e9us beendet nach einem lebensbedrohlichen Herzinfarkt seine Karriere. Auf der Suche nach einem neuen Sinn kehrt er in das winzige nordschwedische Dorf seiner Kindheit zur\u00fcck, um dort ein zur\u00fcckgezogenes Leben zu f\u00fchren. Doch was als R\u00fcckzug beginnt, wird zu einem Neuanfang: Daniel \u00fcbernimmt die Leitung des kleinen Kirchenchors von Ljus\u00e5ker.<\/p>\n\n\n\n<p>Zwischen alten Wunden, d\u00f6rflichen Spannungen und unausgesprochenen Gef\u00fchlen beginnt sich langsam etwas zu ver\u00e4ndern. Durch die Musik kommen die Menschen aus Ljus\u00e5ker in Kontakt &#8211; mit sich selbst und miteinander. Die stets optimistische Lena, der gro\u00dfspurige Arne, die von ihrem Mann misshandelte Gabriella oder der zur\u00fcckhaltende Holmfrid: Sie alle finden durch den Chor ihre Stimme. Doch nicht jeder begr\u00fc\u00dft den Wandel im Dorf &#8211; und so steht bald sehr viel mehr auf dem Spiel als nur ein Konzert. &nbsp;<\/p>\n\n\n\n<blockquote class=\"wp-block-quote is-layout-flow wp-block-quote-is-layout-flow\">\n<p>Ein bewegendes Fest der Musik und des Lebens. <\/p>\n<cite>DER SPIEGEL <\/cite><\/blockquote>\n\n\n\n<p>Das Musical WIE IM HIMMEL basiert auf dem gleichnamigen schwedischen Kinofilm von Kay Pollak. 2005 f\u00fcr den Oscar als bester fremdsprachiger Film nominiert, begeisterte er Publikum wie Kritiker und r\u00fchrte mit seiner tiefen Botschaft von Zusammenhalt und Menschlichkeit auch in Deutschland zahlreiche Kinobesucher zu Tr\u00e4nen. WIE IM HIMMEL erz\u00e4hlt eine sehr besondere, sehr menschliche Geschichte: von Krankheit, Trauer, Gewalt und Ausgrenzung &#8211; aber auch von Hoffnung, Heilung, Mut und Aufbruch. Nicht nur f\u00fcr Menschen, die selbst in Ch\u00f6ren singen, ist WIE IM HIMMEL bis heute ein echter Herzens- und Lieblingsfilm, vermittelt er doch auf kraftvolle und dennoch poetische Art und Weise, wie das gemeinsame Musizieren Menschen st\u00e4rkt und \u00fcber manchmal sogar \u00fcber sich hinauswachsen l\u00e4sst. Auch das Lied &#8222;Gabriellas S\u00e5ng&#8220; aus dem Soundtrack zum Film wurde schnell zu einem Klassiker im Repertoire vieler Ch\u00f6re.<\/p>\n\n\n\n<p>Aus dieser au\u00dfergew\u00f6hnlichen Geschichte ein B\u00fchnenst\u00fcck zu machen, lag daher nahe &#8211; so feierte die Musicalfassung von WIE IM HIMMEL 2018 in Stockholm Premiere und eroberte die B\u00fchnen Skandinaviens im Sturm. Die deutschsprachige Fassung war erstmals 2021 in Linz zu sehen. Als eines der ersten Ensembles haben wir nun die Auff\u00fchrungsrechte f\u00fcr WIE IM HIMMEL erhalten und freuen uns sehr, diese tief ber\u00fchrende Geschichte erz\u00e4hlen zu d\u00fcrfen.<\/p>\n\n\n\n<p><strong>Das Musical Ensemble Erft bringt WIE IM HIMMEL im April 2026 mit <a href=\"https:\/\/www.musical-ensemble-erft.de\/wordpress\/projekte\/wie-im-himmel\/cast-crew\/\" data-type=\"page\" data-id=\"5795\">20 Darstellern und Live-Orchester (hier alle Infos zu Cast &amp; Crew)<\/a> auf die B\u00fchne der Aula des Gymnasiums Kerpen. Tickets sind ab sofort<a href=\"https:\/\/www.musical-ensemble-erft.de\/wordpress\/tickets\/\" data-type=\"link\" data-id=\"https:\/\/www.musical-ensemble-erft.de\/wordpress\/tickets\/\"> in unserem Ticketshop<\/a> erh\u00e4ltlich. F\u00fcr aktuelle Einblicke in die Probenarbeit und mehr folgt uns einfach bei&nbsp;<a href=\"https:\/\/www.instagram.com\/musical_ensemble_erft\/\">Instagram<\/a>&nbsp;oder&nbsp;<a href=\"https:\/\/www.facebook.com\/musicalensembleerft\">Facebook<\/a>!&nbsp; <\/strong><\/p>\n\n\n\n<p>&#x1f4cd; <strong>Ort:<\/strong> Aula Gymnasium Kerpen<br>&#x1f4c5; <strong>Auff\u00fchrungszeitraum:<\/strong> 10.\u201319. April 2026<br>&#x1f39f;&#xfe0f; <strong>Tickets:<\/strong> ab sofort erh\u00e4ltlich<\/p>\n\n\n\n<p><strong>Die Auff\u00fchrung von WIE IM HIMMEL wird freundlich unterst\u00fctzt von der Kolpingstadt Kerpen, dem Rhein-Erft Kreis und der Kreissparkasse K\u00f6ln.<\/strong><\/p>\n\n\n\n<figure class=\"wp-block-image size-full\"><img loading=\"lazy\" decoding=\"async\" width=\"1800\" height=\"1125\" src=\"https:\/\/www.musical-ensemble-erft.de\/wordpress\/wp-content\/uploads\/2026\/03\/Musical-Probe_3-Kopie.jpg\" alt=\"\" class=\"wp-image-5927\" srcset=\"https:\/\/www.musical-ensemble-erft.de\/wordpress\/wp-content\/uploads\/2026\/03\/Musical-Probe_3-Kopie.jpg 1800w, https:\/\/www.musical-ensemble-erft.de\/wordpress\/wp-content\/uploads\/2026\/03\/Musical-Probe_3-Kopie-400x250.jpg 400w, https:\/\/www.musical-ensemble-erft.de\/wordpress\/wp-content\/uploads\/2026\/03\/Musical-Probe_3-Kopie-1024x640.jpg 1024w, https:\/\/www.musical-ensemble-erft.de\/wordpress\/wp-content\/uploads\/2026\/03\/Musical-Probe_3-Kopie-768x480.jpg 768w, https:\/\/www.musical-ensemble-erft.de\/wordpress\/wp-content\/uploads\/2026\/03\/Musical-Probe_3-Kopie-1536x960.jpg 1536w, https:\/\/www.musical-ensemble-erft.de\/wordpress\/wp-content\/uploads\/2026\/03\/Musical-Probe_3-Kopie-676x423.jpg 676w\" sizes=\"auto, (max-width: 1800px) 100vw, 1800px\" \/><figcaption class=\"wp-element-caption\">Das Ensemble bei den Proben.<\/figcaption><\/figure>\n\n\n\n<p>WIE IM HIMMEL <br>Buch von Kay Pollak &amp; Carin Pollak<br>Liedtexte von Carin Pollak &amp; Fredrik Kempe<br>Musik von Fredrik Kempe<br>Mitarbeit am Manuskript: Edward af Sill\u00e9n<br>Arrangements: Karl-Johan Ankarblom<br>Aus dem Schwedischen von Gabriele Haefs<br>Deutsche Fassung von Roman Hinze<br>Regisseur der Originalinszenierung: Markus Virta<br>Originalproduzenten: Vicky &amp; Johan von der Lancken<br>Gabriellas Song: Music: Stefan Nilsson, Lyrics: Py B\u00e4ckman<br>WIE IM HIMMEL wurde am 13.9.2018 im Oscarsteatern in Stockholm uraufgef\u00fchrt in einer Produktion von Vicky N\u00f6jesproduktion und 2 Entertain<\/p>\n\n\n\n<p>Die \u00dcbertragung des Auff\u00fchrungsrechtes erfolgt in \u00dcbereinkunft mit der GALLISSAS Theaterverlag und Mediaagentur&nbsp;GmbH.<\/p>\n\n\n\n<p><\/p>\n","protected":false},"excerpt":{"rendered":"<p>Ein schwedisches Dorf. Ein weltber\u00fchmter Musiker. Und die Kraft der Musik, die Menschen heilt: Alles beginnt mit dem Zuh\u00f6ren. Der gefeierte Stardirigent Daniel Dar\u00e9us beendet nach einem lebensbedrohlichen Herzinfarkt seine Karriere. Auf der Suche nach einem neuen Sinn kehrt er in das winzige nordschwedische Dorf seiner Kindheit zur\u00fcck, um dort ein zur\u00fcckgezogenes Leben zu f\u00fchren. [&hellip;]<\/p>\n","protected":false},"author":1,"featured_media":5783,"parent":1259,"menu_order":0,"comment_status":"closed","ping_status":"closed","template":"","meta":{"footnotes":""},"class_list":["post-5774","page","type-page","status-publish","has-post-thumbnail","hentry","post-preview"],"_links":{"self":[{"href":"https:\/\/www.musical-ensemble-erft.de\/wordpress\/wp-json\/wp\/v2\/pages\/5774","targetHints":{"allow":["GET"]}}],"collection":[{"href":"https:\/\/www.musical-ensemble-erft.de\/wordpress\/wp-json\/wp\/v2\/pages"}],"about":[{"href":"https:\/\/www.musical-ensemble-erft.de\/wordpress\/wp-json\/wp\/v2\/types\/page"}],"author":[{"embeddable":true,"href":"https:\/\/www.musical-ensemble-erft.de\/wordpress\/wp-json\/wp\/v2\/users\/1"}],"replies":[{"embeddable":true,"href":"https:\/\/www.musical-ensemble-erft.de\/wordpress\/wp-json\/wp\/v2\/comments?post=5774"}],"version-history":[{"count":19,"href":"https:\/\/www.musical-ensemble-erft.de\/wordpress\/wp-json\/wp\/v2\/pages\/5774\/revisions"}],"predecessor-version":[{"id":5928,"href":"https:\/\/www.musical-ensemble-erft.de\/wordpress\/wp-json\/wp\/v2\/pages\/5774\/revisions\/5928"}],"up":[{"embeddable":true,"href":"https:\/\/www.musical-ensemble-erft.de\/wordpress\/wp-json\/wp\/v2\/pages\/1259"}],"wp:featuredmedia":[{"embeddable":true,"href":"https:\/\/www.musical-ensemble-erft.de\/wordpress\/wp-json\/wp\/v2\/media\/5783"}],"wp:attachment":[{"href":"https:\/\/www.musical-ensemble-erft.de\/wordpress\/wp-json\/wp\/v2\/media?parent=5774"}],"curies":[{"name":"wp","href":"https:\/\/api.w.org\/{rel}","templated":true}]}}